58600?
True
Does 197 divide 1053753?
True
Is 9929324 a multiple of 38?
True
Is 210 a factor of 102041?
False
Is 2408910 a multiple of 70?
True
Is 129 a factor of 99189?
False
Does 55 divide 2283?
False
Is 21 a factor of 46251?
False
Is 262334 a multiple of 40?
False
Is 219 a factor of 1398315?
True
Does 29 divide 2226202?
False
Is 75041 a multiple of 13?
False
Is 12882672 a multiple of 108?
True
Is 107 a factor of 5240107?
False
Is 506848 a multiple of 8?
True
Does 36 divide 47880?
True
Is 515 a factor of 3117758?
False
Is 667360 a multiple of 15?
False
Is 64564 a multiple of 4?
True
Does 2 divide 28982?
True
Is 2028168 a multiple of 36?
True
Is 10 a factor of 41987?
False
Is 363 a factor of 999015?
False
Is 91196 a multiple of 27?
False
Does 274 divide 26030?
True
Is 108983 a multiple of 3?
False
Is 91 a factor of 16799?
False
Is 516 a factor of 1950480?
True
Is 3 a factor of 145779?
True
Does 162 divide 275724?
True
Is 5688931 a multiple of 38?
False
Is 112167 a multiple of 119?
False
Is 12297225 a multiple of 15?
True
Is 25 a factor of 303025?
True
Does 121 divide 169642?
True
Is 8289100 a multiple of 25?
True
Is 41 a factor of 992774?
True
Is 1300455 a multiple of 55?
False
Is 48 a factor of 146160?
True
Does 1909 divide 1098042?
False
Is 5808900 a multiple of 134?
True
Is 156552 a multiple of 66?
True
Is 941744 a multiple of 403?
False
Is 792300 a multiple of 57?
True
Is 10 a factor of 5275377?
False
Is 91427 a multiple of 259?
True
Is 6132249 a multiple of 22?
False
Is 27610353 a multiple of 867?
False
Does 198 divide 4586418?
False
Does 315 divide 982485?
True
Does 19 divide 60902?
False
Is 865585 even?
False
Is 72 a factor of 1215714?
False
Does 17 divide 6798837?
False
Is 73 a factor of 11258863?
True
Is 460 a factor of 966000?
True
Is 34 a factor of 174590?
True
Is 2160 a factor of 13770442?
False
Is 1427864 a multiple of 68?
True
Does 73 divide 23883629?
True
Is 12 a factor of 3700728?
True
Does 187 divide 23866795?
False
Is 12 a factor of 3271128?
True
Is 75810 a multiple of 399?
True
Is 6376075 a multiple of 5?
True
Does 407 divide 759196?
False
Is 54713 a multiple of 3?
False
Is 245245 a multiple of 55?
True
Does 68 divide 8092?
True
Does 10 divide 7410?
True
Does 11 divide 2750495?
True
Does 15 divide 107308?
False
Does 15 divide 82774?
False
Is 65 a factor of 244335?
True
Is 198 a factor of 116489?
False
Does 11 divide 3006?
False
Does 16 divide 157680?
True
Does 27 divide 606204?
True
Is 423612 a multiple of 84?
True
Is 52 a factor of 1988012?
True
Is 13 a factor of 226170?
False
Is 3 a factor of 383085?
True
Is 71 a factor of 2838993?
False
Does 264 divide 5458464?
True
Does 2507 divide 23146130?
False
Is 3661693 a multiple of 507?
False
Is 5859709 a multiple of 307?
True
Is 7 a factor of 39667?
False
Is 3553040 a multiple of 368?
True
Is 359904 a multiple of 8?
True
Is 5910985 a multiple of 28?
False
Is 200 a factor of 307800?
True
Is 2 a factor of 491007?
False
Does 175 divide 62435?
False
Does 11 divide 103515?
False
Does 149 divide 222308?
True
Is 748896 a multiple of 96?
True
Is 104652 a multiple of 110?
False
Is 142140 a multiple of 15?
True
Is 2 a factor of 4348?
True
Is 1116240 a multiple of 20?
True
Is 104689 a multiple of 507?
False
Is 11 a factor of 998998?
True
Is 14 a factor of 1561047?
False
Is 13 a factor of 1598602?
False
Does 8 divide 1595678?
False
Does 24 divide 10370928?
True
Does 15 divide 52309?
False
Does 176 divide 10733981?
False
Does 14 divide 1754327?
False
Is 885185 a multiple of 194?
False
Is 777634 a multiple of 13?
True
Is 193 a factor of 565600?
False
Is 66 a factor of 286131?
False
Is 3328794 a multiple of 58?
True
Is 6501157 a multiple of 251?
False
Is 27 a factor of 143063?
False
Does 127 divide 112268?
True
Does 6 divide 450981?
False
Does 6 divide 161855?
False
Is 499498 a multiple of 341?
False
Is 38 a factor of 20582815?
False
Does 102 divide 121583?
False
Does 15 divide 810030?
True
Is 2 a factor of 62482?
True
Is 10210309 a multiple of 415?
False
Is 68 a factor of 5081844?
True
Does 52 divide 528892?
True
Is 20746 a multiple of 96?
False
Does 344 divide 2154472?
True
Is 256188 a multiple of 111?
True
Is 190246 a multiple of 254?
True
Does 30 divide 4557758?
False
Is 172 a factor of 176300?
True
Is 11382673 a multiple of 1124?
False
Is 8416746 a multiple of 1208?
False
Is 4121853 a multiple of 47?
True
Is 165 a factor of 18151320?
True
Is 269254 a multiple of 352?
False
Is 416 a factor of 1309984?
True
Does 43 divide 5100875?
True
Is 876301 a multiple of 319?
False
Is 6646643 a multiple of 450?
False
Does 70 divide 20650?
True
Does 10 divide 3113960?
True
Does 127 divide 764478?
False
Is 32 a factor of 171414?
False
Does 4 divide 43469?
False
Is 40 a factor of 155480?
True
Is 626080 a multiple of 208?
True
Is 1057 a factor of 328727?
True
Is 115556 a multiple of 13?
False
Is 185 a factor of 5296779?
False
Is 9 a factor of 799290?
True
Is 23 a factor of 1565679?
True
Is 22 a factor of 714735?
False
Does 161 divide 87906?
True
Is 1431025 a multiple of 8?
False
Does 2 divide 250280?
True
Is 10708 a multiple of 3?
False
Is 106200 a multiple of 15?
True
Is 152099 a multiple of 654?
False
Is 23 a factor of 49811?
False
Does 26 divide 2904252?
True
Does 1438 divide 4338446?
True
Is 63150 a multiple of 10?
True
Does 16 divide 72576?
True
Does 11 divide 243067?
True
Does 10 divide 249076?
False
Is 514810 a multiple of 13?
False
Does 342 divide 77832?
False
Is 1223316 a multiple of 846?
True
Is 14 a factor of 8309588?
True
Is 516160 a multiple of 204?
False
Is 11 a factor of 325165?
False
Is 122513 a multiple of 4?
False
Is 147 a factor of 15203475?
True
Is 6 a factor of 55662?
True
Is 218 a factor of 527996?
True
Does 10 divide 85619?
False
Does 94 divide 256244?
True
Does 473 divide 4041785?
True
Does 22 divide 61798?
True
Is 143 a factor of 788502?
True
Is 178980 a multiple of 76?
True
Does 18 divide 5024592?
True
Does 25 divide 371725?
True
Is 103 a factor of 291191?
False
Does 38 divide 1113780?
True
Is 35287 a multiple of 5?
False
Does 569 divide 474546?
True
Is 237960 a multiple of 459?
False
Does 254 divide 12151842?
False
Is 54 a factor of 325495?
False
Is 207819 a multiple of 153?
False
Is 336896 a multiple of 16?
True
Is 2486917 a multiple of 1114?
False
Is 27 a factor of 19602?
True
Is 649 a factor of 3181469?
False
Is 286767 a multiple of 13?
True
Is 25 a factor of 1661556?
False
Is 1988541 a multiple of 951?
True
Does 106 divide 17066?
True
Is 16 a factor of 116336?
True
Does 182 divide 4634630?
True
Is 3879116 a multiple of 817?
True
Is 55 a factor of 8501220?
False
Does 43 divide 146114?
True
Is 13 a factor of 282056?
False
Is 10188367 a multiple of 20?
False
Does 8 divide 84584?
True
Is 114009 a multiple of 267?
True
Does 43 divide 333594?
True
Is 637 a factor of 1140367?
False
Is 66 a factor of 7676988?
True
Is 6 a factor of 328241?
False
Does 31 divide 45508?
True
Is 11503 a multiple of 9?
False
Is 1372 a factor of 12470108?
True
Is 25147903 a multiple of 28?
False
Is 333409 a multiple of 173?
False
Is 121071 a multiple of 6?
False
Is 32792 a multiple of 10?
False
Is 20 a factor of 42505?
False
Is 16 a factor of 559440?
True
Is 58 a factor of 3865420?
False
Does 692 divide 745284?
True
Is 29 a factor of 44370?
True
Is 9244730 a multiple of 229?
True
Does 27 divide 1928050?
False
Is 41728274 a multiple of 1301?
True
Does 565 divide 622178?
False
Is 11 a factor of 72513?
False
Is 23 a factor of 66976?
True
Is 113225 a multiple of 6?
False
Is 408 a factor of 1972992?
False
Is 92 a factor of 218324?
False
Is 329 a factor of 13735750?
True
Is 503400 a multiple of 100?
True
Is 19108 a multiple of 7?
False
Is 117504 a multiple of 288?
True
Is 136069 a multiple of 56?
False
Is 141285 a multiple of 14?
False
Does 143 divide 6836544?
True
Does 41 divide 2374802?
True
Is 62 a factor of 268584?
True
Is 1383 a factor of 1426549?
False
Is 4 a factor of 512445?
False
Is 91 a factor of 664573?
True
Is 15808 a multiple of 4?
True
Is 913901 a multiple of 86?
False
Does 3 divide 170670?
True
Does 313 divide 8998750?
True
Does 175 divide 3531325?
True
Is 12983822 a multiple of 23?
True
Is 11 a factor of 29150?
True
Does 242 divide 1914128?
False
Is 13 a factor of 3950?
False
Is 241259 a multi